mon factor of x and 12.
12
Let q = 43 + -41. Calculate the highest common divisor of q and 10.
2
Let p = 186 - 106. What is the greatest common factor of 10 and p?
10
Let v be ((-1287)/78)/((-11)/8 - -1). What is the highest common factor of v and 33?
11
Let o(a) = -a**3 - 11*a**2 - 3*a - 5. Let y be o(-11). Let q(k) = 14*k. Let i be q(5). Calculate the greatest common divisor of i and y.
14
Let g be 22 + 0 - (1 - 3). Let h be (-2)/1 + (-22)/(-1). Let y be 6/(-5)*h/(-3). What is the highest common factor of y and g?
8
Let j(u) = -u**3 + 7*u**2 + u + 5. Let s be j(7). What is the highest common factor of s and 12?
12
Let d = -63 + 133. Calculate the greatest common factor of d and 14.
14
Let j = -10 + 14. What is the highest common factor of 20 and j?
4
Let y(g) = -g**2 - g + 2. Let q be y(0). Let u = -349 + 351. What is the greatest common divisor of q and u?
2
Suppose -3*i + 2*t = -79 - 20, 4*i + t - 143 = 0. What is the highest common divisor of 105 and i?
35
Suppose 20 = 3*v - 4. Calculate the greatest common divisor of v and 12.
4
Let q = 1 - -2. Suppose -4*u + r = -56, -34 = q*u - 5*u + 2*r. Let n = 105 - 53. What is the highest common factor of u and n?
13
Let c(m) = m**3 + 7*m**2 - 7*m + 6. Let t be c(-7). What is the greatest common divisor of 11 and t?
11
Let y(p) = -4*p - 39. Let b be y(-14). Calculate the highest common factor of b and 34.
17
Let y be (-21)/7 + 22 + 0. Calculate the greatest common divisor of 76 and y.
19
Let v = 3 + 2. What is the highest common factor of 55 and v?
5
Suppose 0 = 5*b + j - 445, -2*b + 95 = -b - j. What is the highest common factor of b and 9?
9
Let i = 10 - 5. Suppose -151 - 74 = -i*c. Let u be 2/(-3*(-3)/c). Calculate the highest common factor of u and 2.
2
Let f(r) = 45*r + 18. Let j be f(4). What is the greatest common factor of 18 and j?
18
Suppose -16 = 5*f - f, 2*f = -4*p + 16. Let o(b) = 2*b - 10. Let n be o(p). Calculate the greatest common divisor of n and 2.
2
Suppose 4*o + 13 = 237. Let r = 22 + -14. What is the greatest common factor of o and r?
8
Suppose 0 = 2*a + a - 360. Calculate the highest common divisor of a and 15.
15
Suppose -2*y = -4*x - 6*y + 36, 5*x - 2*y = 66. Let o = 27 + 105. What is the highest common divisor of o and x?
12
Let r = 32 - 9. Let p = 41 - r. Calculate the highest common divisor of p and 90.
18
Suppose 0 = -0*x + 2*x - 2, -f = -4*x - 33. Suppose 4*v - f = -t, 4*t - 75 = -v + 103. What is the highest common divisor of t and 30?
15
Let r = -10 + 14. Suppose 0 = 3*d + 2*h - 66, -4*d = -d + 4*h - 72. What is the highest common factor of d and r?
4
Suppose -r = -1 - 0. What is the greatest common factor of 1 and r?
1
Let q(y) = y**3 - 12*y**2 + 3*y - 15. Let u be q(12). Let r be 38/(-9) + (-2)/(-9). Let p be r*3/8*-2. What is the highest common divisor of u and p?
3
Let h be -13 - -18 - (-1 + 0). Calculate the highest common factor of h and 54.
6
Let x(c) = -c - 3. Let f be x(-3). Suppose q - 7 + 2 = f. What is the greatest common factor of 1 and q?
1
Suppose 4 + 35 = m. Suppose -4*u = 5*a - 155, -4*a - m - 26 = -u. Suppose 2*z = -z + 3*v + u, z - 23 = 3*v. What is the greatest common divisor of z and 22?
11
Let q = 14 - -21. Calculate the greatest common divisor of q and 5.
5
Let w = 3 - 7. Let p be (-393)/(-2) + 2/w. Let i = 294 - p. What is the highest common divisor of 14 and i?
14
Let m(k) = -3*k - 7. Suppose -4*x = -2*n, -2*n = -3*n + 3*x + 3. Let u be m(n). What is the greatest common factor of 88 and u?
11
Let z be (-5)/25 + 1/((-15)/(-243)). Calculate the greatest common divisor of 144 and z.
16
Let n = 173 + -88. Suppose 5*s - n = 315. Calculate the highest common divisor of s and 32.
16
Let u = -11 - -92. Calculate the greatest common divisor of 9 and u.
9
Suppose -3*k + 9 - 3 = 0. Suppose 0 = k*r + 17 - 51. Calculate the greatest common divisor of r and 85.
17
Let u be 3 + -4 - (0 + (-4 - 0)). What is the greatest common divisor of u and 3?
3
Let t(z) = z**2 + z + 14. Let w be 2/3 - 32/3. Let g be t(w). Suppose -3*f + 6 = 0, 4*o - o - 2*f - 35 = 0. Calculate the greatest common factor of o and g.
13
Let t be 1*(5 - 0)*3. What is the highest common factor of t and 45?
15
Let q = -7 + 9. Suppose q*o + o = 3*l + 156, -5*o + 275 = -2*l. What is the greatest common divisor of 19 and o?
19
Let r(b) = -4*b - 2. Let p be r(4). Let x = p - -27. What is the greatest common divisor of x and 18?
9
Let m(y) = -5*y - 1. Let q be m(-7). What is the highest common factor of q and 272?
34
Let k be (2/4)/((-2)/(-8)). Let b be (k + -3 + -2)*-6. Suppose b = 5*c - 7. What is the greatest common factor of 25 and c?
5
Let u = -7 - 3. Let i be 2/u + (-96)/(-30). Suppose i*n - 33 + 120 = z, 4*z = -n + 296. What is the highest common divisor of z and 30?
15
Let g be 136 - (3 + 3/(-1)). Calculate the highest common divisor of g and 17.
17
Suppose -4*k = -k - 312. Calculate the highest common factor of k and 26.
26
Let y(b) = b**3 + 18*b**2 + 32*b + 17. Let l be y(-16). Calculate the highest common factor of 119 and l.
17
Suppose -4*h + 8 = 0, 0*u - 2*u + 4*h = -2. What is the highest common divisor of 1 and u?
1
Suppose -4*u = z - 201, u - 2*u - 5*z = -55. What is the greatest common divisor of u and 10?
10
Suppose -3*v + 2*d + 175 = 0, 285 = 4*v + v - 2*d. Let m = 55 + -33. What is the highest common divisor of m and v?
11
Suppose 1570 = 8*i + 370. What is the highest common divisor of 6 and i?
6
Let i be (10/(-4))/(2/(-588)). Suppose 0*h = 5*h - i. Let a = h - 77. Calculate the highest common factor of 28 and a.
14
Let g be 1/2 + (-2)/(-4). Let j be (3 - 0) + -1 + g. What is the highest common divisor of 33 and j?
3
Suppose 4*c + 3*h - 53 - 81 = 0, -2*c + 74 = 5*h. Suppose 0 = -2*k - 2*k + c. Calculate the greatest common divisor of k and 16.
8
Let p(h) = -h**3 + 2*h + 3. Let m be p(-2). Let w(a) = -14*a + 7. Let k be w(-5). What is the highest common divisor of m and k?
7
Suppose 2*g + 6 + 5 = q, 4*q - 2*g = 26. Suppose -4*s = f + 23, -q*s + 3*f - 26 = 7*f. Let h = s - -22. What is the greatest common factor of h and 4?
4
Let a(u) = u**3 - u**2 + 2*u - 7. Let y be a(4). What is the greatest common factor of y and 7?
7
Suppose m = 5*f + 9 - 33, 4*f - 15 = 5*m. Let t be (1 - 0)*(43 - 3). Calculate the greatest common factor of t and f.
5
Let f(w) = w**2 + 5*w + 4. Let n be f(-6). Suppose j = 2*j - 112. Suppose 4*l + 12 - j = 0. Calculate the highest common factor of l and n.
5
Let y = 0 + 7. Let m(j) = -j + 10. Let i be m(y). Let u be (-2)/(1 - i - -1). What is the highest common factor of u and 6?
2
Let q = 325 + -221. Calculate the highest common factor of 13 and q.
13
Let c = -4 - -7. Let y be (-19 - 0) + (3 - 2). Let n be 10/45 - 266/y. Calculate the highest common factor of c and n.
3
Suppose 5*a + 3*j - 13 = -0*j, -3*a = -4*j - 2. Let p = -37 + 38. Calculate the highest common factor of a and p.
1
Suppose 0 = -2*o + 5*a - 30, -5*o - a + 2*a - 29 = 0. Let p be (-2 + o/(-2))*74. Suppose -2*s + p = -11. What is the highest common factor of 60 and s?
12
Suppose -x = -3*x - 6, -x - 48 = -v. Let g be 820/v + 4/(-18). What is the highest common factor of g and 6?
6
Let z be ((-12)/(-18))/((-1)/(-6)). Calculate the highest common divisor of 10 and z.
2
Let l = -26 - -40. What is the highest common divisor of l and 2?
2
Let d(c) = 2 + 2*c - 7*c**2 - 10*c - 11 - c**3 - 3*c. Let r be d(-7). Calculate the greatest common factor of 17 and r.
17
Let q = 284 + -130. Suppose -22 = 3*v - 4*v. What is the greatest common divisor of q and v?
22
Let s be -2 - (2/2 + -5). Let y(q) = 2*q**2 - 11*q + 4. Let a be y(5). Let i be 2*a*(-2)/s. Calculate the highest common divisor of i and 16.
2
Let t(q) = q**2 + 8*q + 9. Let r be t(-7). Let h be 0/(0 - (-1 + 3)). Suppose -12 + h = -r*u. What is the highest common factor of u and 12?
6
Let h = -3 + 5. Suppose 4 = -p + z, 6*p - h*p = -3*z + 19. Let u = 6 + -1. Calculate the highest common factor of u and p.
1
Let a = 5 + -1. Let g = 12 + a. Calculate the highest common factor of g and 8.
8
Let v be (-1)/((3/(-12))/(17/4)). Calculate the highest common factor of 255 and v.
17
Suppose 5*k - 631 + 176 = 0. What is the highest common divisor of 13 and k?
13
Let a(d) = 5*d**2 + d. Let h be a(1). Let o be 24*4*8/h. Suppose 5*k = 44 + 36. Calculate the 